{"id":1614711367,"date":"2022-07-12T10:56:02","date_gmt":"2022-07-12T08:56:02","guid":{"rendered":"https:\/\/www.diocesicuneofossano.it\/?page_id=1614711367"},"modified":"2022-09-01T09:49:57","modified_gmt":"2022-09-01T07:49:57","slug":"ufficio-per-i-pellegrinaggi-e-il-tempo-libero","status":"publish","type":"page","link":"https:\/\/www.diocesicuneofossano.it\/old\/ufficio-per-i-pellegrinaggi-e-il-tempo-libero\/","title":{"rendered":"Ufficio per i pellegrinaggi e il tempo libero"},"content":{"rendered":"<div id=\"pl-1614711367\"  class=\"panel-layout\" ><div id=\"pg-1614711367-0\"  class=\"panel-grid panel-no-style\" ><div id=\"pgc-1614711367-0-0\"  class=\"panel-grid-cell\" ><div id=\"panel-1614711367-0-0-0\" class=\"so-panel widget widget_siteorigin-panels-post-content panel-first-child\" data-index=\"0\" ><h1 class=\"entry-title\">Ufficio per i pellegrinaggi e il tempo libero<\/h1><\/div><div id=\"panel-1614711367-0-0-1\" class=\"so-panel widget widget_sow-editor\" data-index=\"1\" ><div\n\t\t\t\n\t\t\tclass=\"so-widget-sow-editor so-widget-sow-editor-base\"\n\t\t\t\n\t\t>\n<div class=\"siteorigin-widget-tinymce textwidget\">\n\t<p>L\u2019Ufficio diocesano per i Pellegrinaggi e il tempo libero si pone come finalit\u00e0 principale quella di promuovere il pellegrinaggio come esperienza particolare di fede, opportunit\u00e0 autentica di evangelizzazione sia a livello personale che comunitario. Si pone a servizio della comunit\u00e0 diocesana; \u00e8 a disposizione delle parrocchie, delle aggregazioni ecclesiali, dei gruppi vari e delle singole persone, per offrire possibilit\u00e0 e itinerari diversi, finalizzati alla realizzazione di esperienze di fede, riscoperta del valore autentico dell\u2019essere pellegrino, visitando e sostando presso luoghi di preghiera e localit\u00e0 con particolare valore artistico e culturale. Ogni anno viene preparato un programma specifico, evidenziando un pellegrinaggio diocesano, con la presenza di Mons. Vescovo.<\/p>\n<\/div>\n<\/div><\/div><div id=\"panel-1614711367-0-0-2\" class=\"so-panel widget widget_seed-so-widget-all-in-one-lite panel-last-child\" data-index=\"2\" ><div\n\t\t\t\n\t\t\tclass=\"so-widget-seed-so-widget-all-in-one-lite so-widget-seed-so-widget-all-in-one-lite-default-d75171398898-1614711367\"\n\t\t\t\n\t\t><div class=\"grid-x grid-margin-x\">                             <div class=\"cell grid-x notizia small-12 medium-6 large-4\"> \n<div class=\"miniatura small-12 medium-12 large-12\"><a href=\"https:\/\/www.diocesicuneofossano.it\/old\/2022\/09\/01\/01-07-gennaio-2023-giordania\/\"><img decoding=\"async\" src=\"https:\/\/www.diocesicuneofossano.it\/old\/wp-content\/uploads\/sites\/2\/2022\/09\/giordania-600x400-c-default.jpg\" \/><\/a><\/div>\n<div class=\"titolo small-12 medium-12 large-12\"><h6><a href=\"https:\/\/www.diocesicuneofossano.it\/old\/2022\/09\/01\/01-07-gennaio-2023-giordania\/\">01-07 gennaio 2023 \u2013 Giordania<\/a><\/h6>\n<h6><\/h6>\n<\/div>\n<\/div>\n                                                       <div class=\"cell grid-x notizia small-12 medium-6 large-4\"> \n<div class=\"miniatura small-12 medium-12 large-12\"><a href=\"https:\/\/www.diocesicuneofossano.it\/old\/2022\/09\/01\/capodanno-in-terra-santa-presieduto-da-mons-piero-delbosco\/\"><img decoding=\"async\" src=\"https:\/\/www.diocesicuneofossano.it\/old\/wp-content\/uploads\/sites\/2\/2022\/09\/terra-santa-600x400-c-default.jpg\" \/><\/a><\/div>\n<div class=\"titolo small-12 medium-12 large-12\"><h6><a href=\"https:\/\/www.diocesicuneofossano.it\/old\/2022\/09\/01\/capodanno-in-terra-santa-presieduto-da-mons-piero-delbosco\/\">Terra Santa: due proposte<\/a><\/h6>\n<h6><\/h6>\n<\/div>\n<\/div>\n                                                       <div class=\"cell grid-x notizia small-12 medium-6 large-4\"> \n<div class=\"miniatura small-12 medium-12 large-12\"><a href=\"https:\/\/www.diocesicuneofossano.it\/old\/2022\/09\/01\/12-15-ottobre-fatima\/\"><img decoding=\"async\" src=\"https:\/\/www.diocesicuneofossano.it\/old\/wp-content\/uploads\/sites\/2\/2022\/09\/fatima-600x400-c-default.jpg\" \/><\/a><\/div>\n<div class=\"titolo small-12 medium-12 large-12\"><h6><a href=\"https:\/\/www.diocesicuneofossano.it\/old\/2022\/09\/01\/12-15-ottobre-fatima\/\">12-15 ottobre \u2013 Fatima<\/a><\/h6>\n<h6><\/h6>\n<\/div>\n<\/div>\n                                                       <div class=\"cell grid-x notizia small-12 medium-6 large-4\"> \n<div class=\"miniatura small-12 medium-12 large-12\"><a href=\"https:\/\/www.diocesicuneofossano.it\/old\/2022\/09\/01\/15-18-settembre-2022-san-giovanni-rotondo\/\"><img decoding=\"async\" src=\"https:\/\/www.diocesicuneofossano.it\/old\/wp-content\/uploads\/sites\/2\/2022\/09\/san-giovanni-rotondo-600x400-c-default.jpg\" \/><\/a><\/div>\n<div class=\"titolo small-12 medium-12 large-12\"><h6><a href=\"https:\/\/www.diocesicuneofossano.it\/old\/2022\/09\/01\/15-18-settembre-2022-san-giovanni-rotondo\/\">15-18 Settembre 2022 \u2013 San Giovanni Rotondo<\/a><\/h6>\n<h6><\/h6>\n<\/div>\n<\/div>\n                                                       <div class=\"cell grid-x notizia small-12 medium-6 large-4\"> \n<div class=\"miniatura small-12 medium-12 large-12\"><a href=\"https:\/\/www.diocesicuneofossano.it\/old\/2022\/09\/01\/4-10-settembre-2022-cammino-di-santiago-a-piedi\/\"><img decoding=\"async\" src=\"https:\/\/www.diocesicuneofossano.it\/old\/wp-content\/uploads\/sites\/2\/2022\/09\/santiago-600x400-c-default.jpg\" \/><\/a><\/div>\n<div class=\"titolo small-12 medium-12 large-12\"><h6><a href=\"https:\/\/www.diocesicuneofossano.it\/old\/2022\/09\/01\/4-10-settembre-2022-cammino-di-santiago-a-piedi\/\">4-10 settembre 2022 \u2013 Cammino di Santiago a piedi<\/a><\/h6>\n<h6><\/h6>\n<\/div>\n<\/div>\n                                                       <div class=\"cell grid-x notizia small-12 medium-6 large-4\"> \n<div class=\"miniatura small-12 medium-12 large-12\"><a href=\"https:\/\/www.diocesicuneofossano.it\/old\/2022\/08\/01\/23-27-agosto-2022-polonia\/\"><img decoding=\"async\" src=\"https:\/\/www.diocesicuneofossano.it\/old\/wp-content\/uploads\/sites\/2\/2022\/09\/polonia-600x400-c-default.jpg\" \/><\/a><\/div>\n<div class=\"titolo small-12 medium-12 large-12\"><h6><a href=\"https:\/\/www.diocesicuneofossano.it\/old\/2022\/08\/01\/23-27-agosto-2022-polonia\/\">23-27 agosto 2022 \u2013 Polonia<\/a><\/h6>\n<h6><\/h6>\n<\/div>\n<\/div>\n                           <\/div>\n<div class=\"archivio\"><a href=\"\/category\/pellegrinaggi\">Archivio pellegrinaggi<\/a><\/div><\/div><\/div><\/div><\/div><\/div><hr class=\"wpba_attachment_hr\"><div id='wpba_attachment_list' class='wpba wpba-wrap'>\n<ul class='wpba-attachment-list unstyled'><li id='wpba_attachment_list_1614711408' class='wpba-list-item pull-left'><img src='https:\/\/www.diocesicuneofossano.it\/old\/wp-content\/themes\/wp-starter-so\/icons\/document.png' width='16' height='20' class='wpba-icon pull-left'><a href='https:\/\/www.diocesicuneofossano.it\/old\/wp-content\/uploads\/sites\/2\/2022\/09\/programma-Polonia-23-agosto.pdf' title='Programma' class='wpba-link pull-left' target=\"_blank\">Programma<\/a><\/li>\n<\/ul><\/div>\n","protected":false},"excerpt":{"rendered":"<p>L\u2019Ufficio diocesano per i Pellegrinaggi e il tempo libero si pone come finalit\u00e0 principale quella di promuovere il pellegrinaggio come esperienza particolare di fede, opportunit\u00e0 autentica di evangelizzazione sia a livello personale che comunitario. Si pone a servizio della comunit\u00e0 diocesana; \u00e8 a disposizione delle parrocchie, delle aggregazioni ecclesiali, dei gruppi vari e delle singole persone, per offrire possibilit\u00e0 e itinerari diversi, finalizzati alla realizzazione &hellip; <a href=\"https:\/\/www.diocesicuneofossano.it\/old\/2022\/08\/01\/23-27-agosto-2022-polonia\/\" class=\"more-link\">Continua a leggere <span class=\"screen-reader-text\">23-27 agosto 2022 \u2013 Polonia<\/span> <span class=\"meta-nav\">&raquo;<\/span><\/a><\/p>\n","protected":false},"author":8,"featured_media":0,"parent":0,"menu_order":0,"comment_status":"closed","ping_status":"closed","template":"","meta":{"_acf_changed":false,"footnotes":""},"class_list":["post-1614711367","page","type-page","status-publish","hentry"],"acf":[],"yoast_head":"<!-- This site is optimized with the Yoast SEO plugin v25.3 - https:\/\/yoast.com\/wordpress\/plugins\/seo\/ -->\n<title>Ufficio per i pellegrinaggi e il tempo libero - OLD - Diocesi di Cuneo e di Fossano<\/title>\n<meta name=\"robots\" content=\"noindex, follow, max-snippet:-1, max-image-preview:large, max-video-preview:-1\" \/>\n<meta property=\"og:locale\" content=\"it_IT\" \/>\n<meta property=\"og:type\" content=\"article\" \/>\n<meta property=\"og:title\" content=\"Ufficio per i pellegrinaggi e il tempo libero - OLD - Diocesi di Cuneo e di Fossano\" \/>\n<meta property=\"og:description\" content=\"L\u2019Ufficio diocesano per i Pellegrinaggi e il tempo libero si pone come finalit\u00e0 principale quella di promuovere il pellegrinaggio come esperienza particolare di fede, opportunit\u00e0 autentica di evangelizzazione sia a livello personale che comunitario. Si pone a servizio della comunit\u00e0 diocesana; \u00e8 a disposizione delle parrocchie, delle aggregazioni ecclesiali, dei gruppi vari e delle singole persone, per offrire possibilit\u00e0 e itinerari diversi, finalizzati alla realizzazione &hellip; Continua a leggere 23-27 agosto 2022 \u2013 Polonia &raquo;\" \/>\n<meta property=\"og:url\" content=\"https:\/\/www.diocesicuneofossano.it\/old\/ufficio-per-i-pellegrinaggi-e-il-tempo-libero\/\" \/>\n<meta property=\"og:site_name\" content=\"OLD - Diocesi di Cuneo e di Fossano\" \/>\n<meta property=\"article:modified_time\" content=\"2022-09-01T07:49:57+00:00\" \/>\n<meta name=\"twitter:card\" content=\"summary_large_image\" \/>\n<meta name=\"twitter:label1\" content=\"Tempo di lettura stimato\" \/>\n\t<meta name=\"twitter:data1\" content=\"1 minuto\" \/>\n<script type=\"application\/ld+json\" class=\"yoast-schema-graph\">{\"@context\":\"https:\/\/schema.org\",\"@graph\":[{\"@type\":\"WebPage\",\"@id\":\"https:\/\/www.diocesicuneofossano.it\/old\/ufficio-per-i-pellegrinaggi-e-il-tempo-libero\/\",\"url\":\"https:\/\/www.diocesicuneofossano.it\/old\/ufficio-per-i-pellegrinaggi-e-il-tempo-libero\/\",\"name\":\"Ufficio per i pellegrinaggi e il tempo libero - OLD - Diocesi di Cuneo e di Fossano\",\"isPartOf\":{\"@id\":\"https:\/\/www.diocesicuneofossano.it\/old\/#website\"},\"datePublished\":\"2022-07-12T08:56:02+00:00\",\"dateModified\":\"2022-09-01T07:49:57+00:00\",\"breadcrumb\":{\"@id\":\"https:\/\/www.diocesicuneofossano.it\/old\/ufficio-per-i-pellegrinaggi-e-il-tempo-libero\/#breadcrumb\"},\"inLanguage\":\"it-IT\",\"potentialAction\":[{\"@type\":\"ReadAction\",\"target\":[\"https:\/\/www.diocesicuneofossano.it\/old\/ufficio-per-i-pellegrinaggi-e-il-tempo-libero\/\"]}]},{\"@type\":\"BreadcrumbList\",\"@id\":\"https:\/\/www.diocesicuneofossano.it\/old\/ufficio-per-i-pellegrinaggi-e-il-tempo-libero\/#breadcrumb\",\"itemListElement\":[{\"@type\":\"ListItem\",\"position\":1,\"name\":\"Home\",\"item\":\"https:\/\/www.diocesicuneofossano.it\/old\/\"},{\"@type\":\"ListItem\",\"position\":2,\"name\":\"Ufficio per i pellegrinaggi e il tempo libero\"}]},{\"@type\":\"WebSite\",\"@id\":\"https:\/\/www.diocesicuneofossano.it\/old\/#website\",\"url\":\"https:\/\/www.diocesicuneofossano.it\/old\/\",\"name\":\"OLD - Diocesi di Cuneo e di Fossano\",\"description\":\"\",\"potentialAction\":[{\"@type\":\"SearchAction\",\"target\":{\"@type\":\"EntryPoint\",\"urlTemplate\":\"https:\/\/www.diocesicuneofossano.it\/old\/?s={search_term_string}\"},\"query-input\":{\"@type\":\"PropertyValueSpecification\",\"valueRequired\":true,\"valueName\":\"search_term_string\"}}],\"inLanguage\":\"it-IT\"}]}<\/script>\n<!-- \/ Yoast SEO plugin. -->","yoast_head_json":{"title":"Ufficio per i pellegrinaggi e il tempo libero - OLD - Diocesi di Cuneo e di Fossano","robots":{"index":"noindex","follow":"follow","max-snippet":"max-snippet:-1","max-image-preview":"max-image-preview:large","max-video-preview":"max-video-preview:-1"},"og_locale":"it_IT","og_type":"article","og_title":"Ufficio per i pellegrinaggi e il tempo libero - OLD - Diocesi di Cuneo e di Fossano","og_description":"L\u2019Ufficio diocesano per i Pellegrinaggi e il tempo libero si pone come finalit\u00e0 principale quella di promuovere il pellegrinaggio come esperienza particolare di fede, opportunit\u00e0 autentica di evangelizzazione sia a livello personale che comunitario. Si pone a servizio della comunit\u00e0 diocesana; \u00e8 a disposizione delle parrocchie, delle aggregazioni ecclesiali, dei gruppi vari e delle singole persone, per offrire possibilit\u00e0 e itinerari diversi, finalizzati alla realizzazione &hellip; Continua a leggere 23-27 agosto 2022 \u2013 Polonia &raquo;","og_url":"https:\/\/www.diocesicuneofossano.it\/old\/ufficio-per-i-pellegrinaggi-e-il-tempo-libero\/","og_site_name":"OLD - Diocesi di Cuneo e di Fossano","article_modified_time":"2022-09-01T07:49:57+00:00","twitter_card":"summary_large_image","twitter_misc":{"Tempo di lettura stimato":"1 minuto"},"schema":{"@context":"https:\/\/schema.org","@graph":[{"@type":"WebPage","@id":"https:\/\/www.diocesicuneofossano.it\/old\/ufficio-per-i-pellegrinaggi-e-il-tempo-libero\/","url":"https:\/\/www.diocesicuneofossano.it\/old\/ufficio-per-i-pellegrinaggi-e-il-tempo-libero\/","name":"Ufficio per i pellegrinaggi e il tempo libero - OLD - Diocesi di Cuneo e di Fossano","isPartOf":{"@id":"https:\/\/www.diocesicuneofossano.it\/old\/#website"},"datePublished":"2022-07-12T08:56:02+00:00","dateModified":"2022-09-01T07:49:57+00:00","breadcrumb":{"@id":"https:\/\/www.diocesicuneofossano.it\/old\/ufficio-per-i-pellegrinaggi-e-il-tempo-libero\/#breadcrumb"},"inLanguage":"it-IT","potentialAction":[{"@type":"ReadAction","target":["https:\/\/www.diocesicuneofossano.it\/old\/ufficio-per-i-pellegrinaggi-e-il-tempo-libero\/"]}]},{"@type":"BreadcrumbList","@id":"https:\/\/www.diocesicuneofossano.it\/old\/ufficio-per-i-pellegrinaggi-e-il-tempo-libero\/#breadcrumb","itemListElement":[{"@type":"ListItem","position":1,"name":"Home","item":"https:\/\/www.diocesicuneofossano.it\/old\/"},{"@type":"ListItem","position":2,"name":"Ufficio per i pellegrinaggi e il tempo libero"}]},{"@type":"WebSite","@id":"https:\/\/www.diocesicuneofossano.it\/old\/#website","url":"https:\/\/www.diocesicuneofossano.it\/old\/","name":"OLD - Diocesi di Cuneo e di Fossano","description":"","potentialAction":[{"@type":"SearchAction","target":{"@type":"EntryPoint","urlTemplate":"https:\/\/www.diocesicuneofossano.it\/old\/?s={search_term_string}"},"query-input":{"@type":"PropertyValueSpecification","valueRequired":true,"valueName":"search_term_string"}}],"inLanguage":"it-IT"}]}},"_links":{"self":[{"href":"https:\/\/www.diocesicuneofossano.it\/old\/wp-json\/wp\/v2\/pages\/1614711367"}],"collection":[{"href":"https:\/\/www.diocesicuneofossano.it\/old\/wp-json\/wp\/v2\/pages"}],"about":[{"href":"https:\/\/www.diocesicuneofossano.it\/old\/wp-json\/wp\/v2\/types\/page"}],"author":[{"embeddable":true,"href":"https:\/\/www.diocesicuneofossano.it\/old\/wp-json\/wp\/v2\/users\/8"}],"replies":[{"embeddable":true,"href":"https:\/\/www.diocesicuneofossano.it\/old\/wp-json\/wp\/v2\/comments?post=1614711367"}],"version-history":[{"count":1,"href":"https:\/\/www.diocesicuneofossano.it\/old\/wp-json\/wp\/v2\/pages\/1614711367\/revisions"}],"predecessor-version":[{"id":1614711370,"href":"https:\/\/www.diocesicuneofossano.it\/old\/wp-json\/wp\/v2\/pages\/1614711367\/revisions\/1614711370"}],"wp:attachment":[{"href":"https:\/\/www.diocesicuneofossano.it\/old\/wp-json\/wp\/v2\/media?parent=1614711367"}],"curies":[{"name":"wp","href":"https:\/\/api.w.org\/{rel}","templated":true}]}}