{"id":1550841153,"date":"2019-03-20T11:30:44","date_gmt":"2019-03-20T10:30:44","guid":{"rendered":"https:\/\/www.diocesicuneofossano.it\/?page_id=1550841153"},"modified":"2022-10-19T18:15:42","modified_gmt":"2022-10-19T16:15:42","slug":"statuto-curia","status":"publish","type":"page","link":"https:\/\/www.diocesicuneofossano.it\/old\/statuto-curia\/","title":{"rendered":"Statuto della Curia diocesana"},"content":{"rendered":"<p><strong>Dalle Costituzioni del Sinodo diocesano di Cuneo e di Fossano 2021-2022<\/strong><\/p>\n<p><strong>1<\/strong>. Creare una nuova unica realt\u00e0 diocesana richiede il coinvolgimento di tutti, ministri ordinati, laici e consacrati: c\u2019\u00e8 la necessit\u00e0 di guardare nella stessa direzione con la coscienza che non sar\u00e0 facile perch\u00e9 tutti entrano in questione. Le relazioni fin qui costruite attraverso tante collaborazioni devono diventare stabili: ognuno pu\u00f2 portare il bagaglio culturale, le competenze, la storia e le scelte come contributo orientato ad un vero accorpamento dove tutti sono protagonisti e nessuno deve sentirsi inglobato o assorbito dall\u2019altra componente.<\/p>\n<p><strong>2<\/strong>. La Curia diocesana deve esprimere fin da subito tale cammino verso la piena unione tra le Chiese di Cuneo e di Fossano. Pertanto, questo Sinodo, tramite il vescovo Piero Delbosco, informata la Sede apostolica, stabilisce di costituire un\u2019unica Curia diocesana, unificando tutti i consigli diocesani di partecipazione e valorizzando le fondazioni di culto e religione che gestiscono le opere diocesane in modo da garantire un\u2019adeguata presenza sia nella citt\u00e0 di Cuneo, dove il Vescovo diocesano risiede, che nella citt\u00e0 di Fossano, dove hanno gi\u00e0 sede gli organismi interdiocesani comuni alle Diocesi vicine, e cio\u00e8 il Seminario, l\u2019Istituto superiore di scienze religiose e il Tribunale ecclesiastico.<\/p>\n<p><strong>3<\/strong>. La Curia diocesana ha sede nel Vescovado nuovo di Cuneo e ha un recapito anche nel Vescovado di Fossano, dove il Vescovo e i Vicari sono presenti di norma una volta a settimana; \u00e8 organizzata con criteri di semplificazione, a norma del diritto universale e riferendosi agli uffici e servizi della Conferenza Episcopale Italiana, in quattro settori: Affari generali, Evangelizzazione e sacramenti, Carit\u00e0 e impegno sociale, Cultura; \u00e8 diretta dal Vescovo con l\u2019ausilio di un solo Vicario generale e almeno un Vicario episcopale, eventualmente con il supporto di un altro sacerdote scelto come Moderatore della Curia; \u00e8 regolata da un proprio Statuto promulgato dal Vescovo.<\/p>\n<p><strong>4<\/strong>. Gli enti Diocesi di Cuneo e Diocesi di Fossano rimangono distinti, ciascuno con il proprio patrimonio e la propria amministrazione, <em>ad nutum Apostolicae Sedis. <\/em>Nell\u2019unica Curia diocesana i dipendenti sono in carico all\u2019ente Diocesi di Cuneo; le spese di funzionamento e per le attivit\u00e0 proprie dei settori sono in carico all\u2019ente Diocesi di Cuneo e vengono rimborsate dall\u2019ente Diocesi di Fossano nella misura stabilita dal Vescovo. Avvalendosi dell\u2019Economo diocesano per l\u2019amministrazione di tali enti, secondo le disposizioni del diritto universale, il Vescovo nomina anche un Delegato per l\u2019amministrazione dell\u2019ente Diocesi di Fossano, fino a che sar\u00e0 necessario.<\/p>\n<p><strong>5<\/strong>. Il Vicario generale, nell\u2019ambito delle competenze assegnate dal diritto universale, aiuta il Vescovo in particolare nella direzione degli uffici del settore Affari generali della Curia e nella cura di sacerdoti, diaconi, consacrati e laici per l\u2019edificazione dell\u2019unico popolo di Dio diocesano, dove ciascuno \u00e8 accolto e valorizzato. Accanto a lui venga nominato un Vicario episcopale per la pastorale che sovrintende agli altri uffici della Curia favorendo le collaborazioni, il servizio sul territorio e l\u2019attuazione delle disposizioni sinodali.<\/p>\n<p><strong>6<\/strong>. Il Consiglio presbiterale, con il Collegio dei consultori, il Consiglio pastorale diocesano e il Consiglio diocesano per gli affari economici sono i consigli di partecipazione costituiti unici per entrambe le Diocesi, tenendo conto di un\u2019adeguata rappresentanza dei presb\u00ecteri e degli altri fedeli sul territorio: il Vescovo se ne deve avvalere come primi luoghi di discernimento. A norma degli Statuti e dei Regolamenti promulgati dal Vescovo, nell\u2019ambito del diritto universale: il Consiglio presbiterale, che \u00e8 consultato per il governo diocesano come senato del Vescovo, \u00e8 composto anzitutto dai Vicari zonali, il cui ufficio viene valorizzato per rafforzare il legame tra il centro e le periferie; il Collegio dei consultori viene sentito anche per questioni pastorali di maggiore importanza; il Consiglio pastorale diocesano vigila sull\u2019attuazione delle disposizioni sinodali e promuove la formazione degli operatori pastorali.<\/p>\n<p><strong>7<\/strong>. Le fondazioni di culto e religione che gestiscono le opere diocesane rimangono distinte, una con sede nel Vescovado nuovo di Cuneo e l\u2019altra con sede nel Vescovado di Fossano, e sono chiamate ad intensificare la collaborazione, anche in vista di opportune razionalizzazioni. Gli Istituti diocesani per il sostentamento del clero vengono fusi in un unico Istituto che prende sede nel Vescovado di Fossano.<\/p>\n<p><strong>8<\/strong>. La Curia diocesana, i consigli di partecipazione e le fondazioni di culto e religione che gestiscono le opere diocesane sono organismi di servizio, per cui tutti i loro operatori devono avere attenzione all\u2019intero territorio di Cuneo e di Fossano, dimostrare affabilit\u00e0 nell\u2019accogliere tutti, dare sostegno alle Parrocchie ed alle altre aggregazioni ecclesiali, testimoniare apertura verso coloro che sono estranei alla Chiesa e in ricerca. Soltanto un lavoro trasversale tra la Curia, i consigli e le fondazioni pu\u00f2 realizzare un autentico servizio: pertanto, \u00e8 cura del Vescovo e dei Vicari coltivare le necessarie interazioni, favorendo anche momenti comuni di confronto e di preghiera.<\/p>\n<p><span style=\"font-size: inherit\"><strong>47<\/strong>. L\u2019accorpamento degli organismi diocesani, di cui alle costituzioni sinodali 1-8, viene avviato il 1 settembre 2022. A tale scopo, entro il 31 ottobre 2022 il Vescovo promulga, in conformit\u00e0 a quanto stabilito dal Sinodo, lo Statuto della Curia diocesana, del Consiglio presbiterale e del Consiglio pastorale diocesano, con il Regolamento del Collegio dei consultori e del Consiglio diocesano per gli affari economici, affinch\u00e9 entro l\u2019anno 2022 la Curia diocesana assuma la nuova forma unitaria e i consigli diocesani di partecipazione vengano rinnovati e costituiti come unici per Cuneo e per Fossano. Con questo accorpamento esprimiamo la disponibilit\u00e0 sinodale delle nostre Chiese ad essere unite pienamente <\/span><em style=\"font-size: inherit\">ad nutum Apostolicae Sedis.<\/em><\/p>\n<p>&nbsp;<\/p>\n<h6 class=\"entry-title-page\" style=\"text-align: center\"><strong><a href=\"https:\/\/www.diocesicuneofossano.it\/modulistica\/norme-anticontagio-sars-cov-2\/\">Norme per l&#8217;emergenza sanitaria SARS-CoV-2<\/a><\/strong><\/h6>\n<hr class=\"wpba_attachment_hr\"><div id='wpba_attachment_list' class='wpba wpba-wrap'>\n<ul class='wpba-attachment-list unstyled'><li id='wpba_attachment_list_1614713142' class='wpba-list-item pull-left'><img src='https:\/\/www.diocesicuneofossano.it\/old\/wp-content\/themes\/wp-starter-so\/icons\/document.png' width='16' height='20' class='wpba-icon pull-left'><a href='https:\/\/www.diocesicuneofossano.it\/old\/wp-content\/uploads\/sites\/2\/2022\/10\/028_2022_statuto_curia_cuneofossano_080922.pdf' title='Statuto della Curia diocesana di Cuneo e di Fossano - 8 settembre 2022' class='wpba-link pull-left' target=\"_blank\">Statuto della Curia diocesana di Cuneo e di Fossano - 8 settembre 2022<\/a><\/li>\n<li id='wpba_attachment_list_1614713144' class='wpba-list-item pull-left'><img src='https:\/\/www.diocesicuneofossano.it\/old\/wp-content\/themes\/wp-starter-so\/icons\/document.png' width='16' height='20' class='wpba-icon pull-left'><a href='https:\/\/www.diocesicuneofossano.it\/old\/wp-content\/uploads\/sites\/2\/2022\/10\/029_2022_nomine_adempimenti_curia_150922.pdf' title='Decreto di nomina dei Delegati vescovili e degli Incaricati diocesani nella Curia di Cuneo e di Fossano - 15 settembre 2022' class='wpba-link pull-left' target=\"_blank\">Decreto di nomina dei Delegati vescovili e degli Incaricati diocesani nella Curia di Cuneo e di Fossano - 15 settembre 2022<\/a><\/li>\n<li id='wpba_attachment_list_1614713143' class='wpba-list-item pull-left'><img src='https:\/\/www.diocesicuneofossano.it\/old\/wp-content\/themes\/wp-starter-so\/icons\/document.png' width='16' height='20' class='wpba-icon pull-left'><a href='https:\/\/www.diocesicuneofossano.it\/old\/wp-content\/uploads\/sites\/2\/2022\/10\/109_2022_c_nomine_adempimenti_vicari_150922.pdf' title='Decreti di nomina dei Referenti diocesani nella Curia di Cuneo e di Fossano - 15 settembre 2022' class='wpba-link pull-left' target=\"_blank\">Decreti di nomina dei Referenti diocesani nella Curia di Cuneo e di Fossano - 15 settembre 2022<\/a><\/li>\n<\/ul><\/div>\n","protected":false},"excerpt":{"rendered":"<p>Dalle Costituzioni del Sinodo diocesano di Cuneo e di Fossano 2021-2022 1. Creare una nuova unica realt\u00e0 diocesana richiede il coinvolgimento di tutti, ministri ordinati, laici e consacrati: c\u2019\u00e8 la necessit\u00e0 di guardare nella stessa direzione con la coscienza che non sar\u00e0 facile perch\u00e9 tutti entrano in questione. Le relazioni fin qui costruite attraverso tante collaborazioni devono diventare stabili: ognuno pu\u00f2 portare il bagaglio culturale, &hellip; <a href=\"https:\/\/www.diocesicuneofossano.it\/old\/statuto-curia\/\" class=\"more-link\">Continua a leggere <span class=\"screen-reader-text\">Statuto della Curia diocesana<\/span> <span class=\"meta-nav\">&raquo;<\/span><\/a><\/p>\n","protected":false},"author":8,"featured_media":0,"parent":0,"menu_order":0,"comment_status":"closed","ping_status":"closed","template":"","meta":{"_acf_changed":false,"footnotes":""},"class_list":["post-1550841153","page","type-page","status-publish","hentry"],"acf":[],"yoast_head":"<!-- This site is optimized with the Yoast SEO plugin v25.3 - https:\/\/yoast.com\/wordpress\/plugins\/seo\/ -->\n<title>Statuto della Curia diocesana - OLD - Diocesi di Cuneo e di Fossano<\/title>\n<meta name=\"robots\" content=\"noindex, follow, max-snippet:-1, max-image-preview:large, max-video-preview:-1\" \/>\n<meta property=\"og:locale\" content=\"it_IT\" \/>\n<meta property=\"og:type\" content=\"article\" \/>\n<meta property=\"og:title\" content=\"Statuto della Curia diocesana - OLD - Diocesi di Cuneo e di Fossano\" \/>\n<meta property=\"og:description\" content=\"Dalle Costituzioni del Sinodo diocesano di Cuneo e di Fossano 2021-2022 1. Creare una nuova unica realt\u00e0 diocesana richiede il coinvolgimento di tutti, ministri ordinati, laici e consacrati: c\u2019\u00e8 la necessit\u00e0 di guardare nella stessa direzione con la coscienza che non sar\u00e0 facile perch\u00e9 tutti entrano in questione. Le relazioni fin qui costruite attraverso tante collaborazioni devono diventare stabili: ognuno pu\u00f2 portare il bagaglio culturale, &hellip; Continua a leggere Statuto della Curia diocesana &raquo;\" \/>\n<meta property=\"og:url\" content=\"https:\/\/www.diocesicuneofossano.it\/old\/statuto-curia\/\" \/>\n<meta property=\"og:site_name\" content=\"OLD - Diocesi di Cuneo e di Fossano\" \/>\n<meta property=\"article:modified_time\" content=\"2022-10-19T16:15:42+00:00\" \/>\n<meta name=\"twitter:card\" content=\"summary_large_image\" \/>\n<meta name=\"twitter:label1\" content=\"Tempo di lettura stimato\" \/>\n\t<meta name=\"twitter:data1\" content=\"5 minuti\" \/>\n<script type=\"application\/ld+json\" class=\"yoast-schema-graph\">{\"@context\":\"https:\/\/schema.org\",\"@graph\":[{\"@type\":\"WebPage\",\"@id\":\"https:\/\/www.diocesicuneofossano.it\/old\/statuto-curia\/\",\"url\":\"https:\/\/www.diocesicuneofossano.it\/old\/statuto-curia\/\",\"name\":\"Statuto della Curia diocesana - OLD - Diocesi di Cuneo e di Fossano\",\"isPartOf\":{\"@id\":\"https:\/\/www.diocesicuneofossano.it\/old\/#website\"},\"datePublished\":\"2019-03-20T10:30:44+00:00\",\"dateModified\":\"2022-10-19T16:15:42+00:00\",\"breadcrumb\":{\"@id\":\"https:\/\/www.diocesicuneofossano.it\/old\/statuto-curia\/#breadcrumb\"},\"inLanguage\":\"it-IT\",\"potentialAction\":[{\"@type\":\"ReadAction\",\"target\":[\"https:\/\/www.diocesicuneofossano.it\/old\/statuto-curia\/\"]}]},{\"@type\":\"BreadcrumbList\",\"@id\":\"https:\/\/www.diocesicuneofossano.it\/old\/statuto-curia\/#breadcrumb\",\"itemListElement\":[{\"@type\":\"ListItem\",\"position\":1,\"name\":\"Home\",\"item\":\"https:\/\/www.diocesicuneofossano.it\/old\/\"},{\"@type\":\"ListItem\",\"position\":2,\"name\":\"Statuto della Curia diocesana\"}]},{\"@type\":\"WebSite\",\"@id\":\"https:\/\/www.diocesicuneofossano.it\/old\/#website\",\"url\":\"https:\/\/www.diocesicuneofossano.it\/old\/\",\"name\":\"OLD - Diocesi di Cuneo e di Fossano\",\"description\":\"\",\"potentialAction\":[{\"@type\":\"SearchAction\",\"target\":{\"@type\":\"EntryPoint\",\"urlTemplate\":\"https:\/\/www.diocesicuneofossano.it\/old\/?s={search_term_string}\"},\"query-input\":{\"@type\":\"PropertyValueSpecification\",\"valueRequired\":true,\"valueName\":\"search_term_string\"}}],\"inLanguage\":\"it-IT\"}]}<\/script>\n<!-- \/ Yoast SEO plugin. -->","yoast_head_json":{"title":"Statuto della Curia diocesana - OLD - Diocesi di Cuneo e di Fossano","robots":{"index":"noindex","follow":"follow","max-snippet":"max-snippet:-1","max-image-preview":"max-image-preview:large","max-video-preview":"max-video-preview:-1"},"og_locale":"it_IT","og_type":"article","og_title":"Statuto della Curia diocesana - OLD - Diocesi di Cuneo e di Fossano","og_description":"Dalle Costituzioni del Sinodo diocesano di Cuneo e di Fossano 2021-2022 1. Creare una nuova unica realt\u00e0 diocesana richiede il coinvolgimento di tutti, ministri ordinati, laici e consacrati: c\u2019\u00e8 la necessit\u00e0 di guardare nella stessa direzione con la coscienza che non sar\u00e0 facile perch\u00e9 tutti entrano in questione. Le relazioni fin qui costruite attraverso tante collaborazioni devono diventare stabili: ognuno pu\u00f2 portare il bagaglio culturale, &hellip; Continua a leggere Statuto della Curia diocesana &raquo;","og_url":"https:\/\/www.diocesicuneofossano.it\/old\/statuto-curia\/","og_site_name":"OLD - Diocesi di Cuneo e di Fossano","article_modified_time":"2022-10-19T16:15:42+00:00","twitter_card":"summary_large_image","twitter_misc":{"Tempo di lettura stimato":"5 minuti"},"schema":{"@context":"https:\/\/schema.org","@graph":[{"@type":"WebPage","@id":"https:\/\/www.diocesicuneofossano.it\/old\/statuto-curia\/","url":"https:\/\/www.diocesicuneofossano.it\/old\/statuto-curia\/","name":"Statuto della Curia diocesana - OLD - Diocesi di Cuneo e di Fossano","isPartOf":{"@id":"https:\/\/www.diocesicuneofossano.it\/old\/#website"},"datePublished":"2019-03-20T10:30:44+00:00","dateModified":"2022-10-19T16:15:42+00:00","breadcrumb":{"@id":"https:\/\/www.diocesicuneofossano.it\/old\/statuto-curia\/#breadcrumb"},"inLanguage":"it-IT","potentialAction":[{"@type":"ReadAction","target":["https:\/\/www.diocesicuneofossano.it\/old\/statuto-curia\/"]}]},{"@type":"BreadcrumbList","@id":"https:\/\/www.diocesicuneofossano.it\/old\/statuto-curia\/#breadcrumb","itemListElement":[{"@type":"ListItem","position":1,"name":"Home","item":"https:\/\/www.diocesicuneofossano.it\/old\/"},{"@type":"ListItem","position":2,"name":"Statuto della Curia diocesana"}]},{"@type":"WebSite","@id":"https:\/\/www.diocesicuneofossano.it\/old\/#website","url":"https:\/\/www.diocesicuneofossano.it\/old\/","name":"OLD - Diocesi di Cuneo e di Fossano","description":"","potentialAction":[{"@type":"SearchAction","target":{"@type":"EntryPoint","urlTemplate":"https:\/\/www.diocesicuneofossano.it\/old\/?s={search_term_string}"},"query-input":{"@type":"PropertyValueSpecification","valueRequired":true,"valueName":"search_term_string"}}],"inLanguage":"it-IT"}]}},"_links":{"self":[{"href":"https:\/\/www.diocesicuneofossano.it\/old\/wp-json\/wp\/v2\/pages\/1550841153"}],"collection":[{"href":"https:\/\/www.diocesicuneofossano.it\/old\/wp-json\/wp\/v2\/pages"}],"about":[{"href":"https:\/\/www.diocesicuneofossano.it\/old\/wp-json\/wp\/v2\/types\/page"}],"author":[{"embeddable":true,"href":"https:\/\/www.diocesicuneofossano.it\/old\/wp-json\/wp\/v2\/users\/8"}],"replies":[{"embeddable":true,"href":"https:\/\/www.diocesicuneofossano.it\/old\/wp-json\/wp\/v2\/comments?post=1550841153"}],"version-history":[{"count":21,"href":"https:\/\/www.diocesicuneofossano.it\/old\/wp-json\/wp\/v2\/pages\/1550841153\/revisions"}],"predecessor-version":[{"id":1614713152,"href":"https:\/\/www.diocesicuneofossano.it\/old\/wp-json\/wp\/v2\/pages\/1550841153\/revisions\/1614713152"}],"wp:attachment":[{"href":"https:\/\/www.diocesicuneofossano.it\/old\/wp-json\/wp\/v2\/media?parent=1550841153"}],"curies":[{"name":"wp","href":"https:\/\/api.w.org\/{rel}","templated":true}]}}